der when 48540 is divided by 3?
0
Calculate the remainder when 1332945 is divided by 7.
5
What is the remainder when 1860 is divided by 757?
346
Calculate the remainder when 1907 is divided by 218.
163
Calculate the remainder when 17939 is divided by 12.
11
Calculate the remainder when 473764 is divided by 53.
50
Calculate the remainder when 1315 is divided by 333.
316
Calculate the remainder when 2614 is divided by 761.
331
What is the remainder when 4717 is divided by 1181?
1174
Calculate the remainder when 317927 is divided by 5.
2
What is the remainder when 1837 is divided by 67?
28
What is the remainder when 43418 is divided by 1009?
31
What is the remainder when 270418 is divided by 20?
18
Calculate the remainder when 24570 is divided by 2233.
7
What is the remainder when 582 is divided by 181?
39
What is the remainder when 35385 is divided by 69?
57
What is the remainder when 7722 is divided by 322?
316
What is the remainder when 4513 is divided by 4486?
27
Calculate the remainder when 185500 is divided by 742.
0
What is the remainder when 44002 is divided by 181?
19
What is the remainder when 4540 is divided by 777?
655
What is the remainder when 124839 is divided by 153?
144
What is the remainder when 52585 is divided by 52578?
7
Calculate the remainder when 539996 is divided by 24.
20
What is the remainder when 155702 is divided by 77848?
6
What is the remainder when 15564 is divided by 181?
179
Calculate the remainder when 84823 is divided by 42396.
31
Calculate the remainder when 66300 is divided by 24.
12
What is the remainder when 35066 is divided by 21?
17
Calculate the remainder when 15658 is divided by 265.
23
What is the remainder when 19475 is divided by 434?
379
Calculate the remainder when 5427 is divided by 1805.
12
Calculate the remainder when 71445 is divided by 95.
5
What is the remainder when 3114149 is divided by 10?
9
Calculate the remainder when 4174 is divided by 693.
16
What is the remainder when 21316 is divided by 1790?
1626
Calculate the remainder when 125292 is divided by 31317.
24
What is the remainder when 13551 is divided by 3357?
123
Calculate the remainder when 1010 is divided by 57.
41
Calculate the remainder when 18814 is divided by 1892.
1786
What is the remainder when 31547 is divided by 955?
32
What is the remainder when 1541 is divided by 223?
203
What is the remainder when 9650 is divided by 1927?
15
Calculate the remainder when 20260 is divided by 193.
188
What is the remainder when 398999 is divided by 190?
189
Calculate the remainder when 8305 is divided by 1656.
25
What is the remainder when 8528 is divided by 1969?
652
Calculate the remainder when 2011 is divided by 102.
73
What is the remainder when 227457 is divided by 17?
14
Calculate the remainder when 4460 is divided by 7.
1
Calculate the remainder when 10453 is divided by 3111.
1120
What is the remainder when 675817 is divided by 11?
10
Calculate the remainder when 1968 is divided by 887.
194
Calculate the remainder when 3762 is divided by 1230.
72
What is the remainder when 2719 is divided by 384?
31
What is the remainder when 332905 is divided by 9511?
20
Calculate the remainder when 199202 is divided by 7.
3
Calculate the remainder when 104254 is divided by 144.
142
Calculate the remainder when 438950 is divided by 73158.
2
Calculate the remainder when 6056 is divided by 3021.
14
What is the remainder when 50793 is divided by 125?
43
What is the remainder when 23933 is divided by 5373?
2441
What is the remainder when 102615 is divided by 508?
507
Calculate the remainder when 25594 is divided by 13.
10
What is the remainder when 15693 is divided by 413?
412
What is the remainder when 1571 is divided by 665?
241
What is the remainder when 151862 is divided by 354?
350
Calculate the remainder when 268338 is divided by 354.
6
Calculate the remainder when 533336 is divided by 30.
26
Calculate the remainder when 5203 is divided by 142.
91
What is the remainder when 14721 is divided by 13?
5
Calculate the remainder when 160639 is divided by 502.
501
What is the remainder when 441037 is divided by 325?
12
Calculate the remainder when 88893 is divided by 8887.
23
What is the remainder when 8606 is divided by 478?
2
What is the remainder when 468 is divided by 415?
53
Calculate the remainder when 27409 is divided by 1383.
1132
Calculate the remainder when 18239 is divided by 160.
159
What is the remainder when 10076 is divided by 5033?
10
What is the remainder when 67199 is divided by 58?
35
Calculate the remainder when 34362 is divided by 291.
24
What is the remainder when 1864 is divided by 279?
190
What is the remainder when 51780 is divided by 498?
486
What is the remainder when 116164 is divided by 38721?
1
Calculate the remainder when 2999 is divided by 31.
23
What is the remainder when 12245 is divided by 2448?
5
Calculate the remainder when 845207 is divided by 6.
5
Calculate the remainder when 806941 is divided by 35.
16
Calculate the remainder when 17022 is divided by 5670.
12
Calculate the remainder when 28868 is divided by 217.
7
What is the remainder when 9219 is divided by 174?
171
What is the remainder when 541195 is divided by 28?
11
Calculate the remainder when 1828 is divided by 146.
76
Calculate the remainder when 68018 is divided by 71.
0
What is the remainder when 13718 is divided by 4?
2
What is the remainder when 13309 is divided by 281?
102
Calculate the remainder when 30818 is divided by 7703.
6
What is the remainder when 94482 is divided by 2249?
24
What is the remainder when 5377 is divided by 5376?
1
What is the remainder when 370 is divided by 69?
25
Calculate the remainder when 1997 is divided by 715.
567
What is the remainder when 36396 is divided by 1654?
8
What is the remainder when 20768 is divided by 6879?
131
What is the remainder when 116216 is divided by 349?
348
What is the remainder when 1930 is divided by 1922?
8
What is the remainder when 3701 is divided by 157?
90
What is the remainder when 16908 is divided by 2111?
20
What is the remainder when 97881 is divided by 32622?
15
Calculate the remainder when 1307 is divided by 450.
407
Calculate the remainder when 4748 is divided by 60.
8
What is the remainder when 47934 is divided by 1712?
1710
What is the remainder when 16750 is divided by 186?
10
Calculate the remainder when 1012137 is divided by 258.
3
Calculate the remainder when 294722 is divided by 25.
22
What is the remainder when 884 is divided by 429?
26
What is the remainder when 41139 is divided by 110?
109
What is the remainder when 10282 is divided by 6?
4
What is the remainder when 420 is divided by 158?
104
Calculate the remainder when 761916 is divided by 43.
42
Calculate the remainder when 163940 is divided by 39.
23
Calculate the remainder when 10074 is divided by 201.
24
Calculate the remainder when 16864 is divided by 440.
144
What is the remainder when 17701 is divided by 96?
37
What is the remainder when 127698 is divided by 96?
18
What is the remainder when 10272 is divided by 66?
42
What is the remainder when 101012 is divided by 46?
42
Calculate the remainder when 4907 is divided by 490.
7
What is the remainder when 13090 is divided by 1231?
780
What is the remainder when 57807 is divided by 4?
3
What is the remainder when 15306 is divided by 9?
6
Calculate the remainder when 166467 is divided by 96.
3
Calculate the remainder when 1568568 is divided by 531.
525
Calculate the remainder when 2114 is divided by 305.
284
What is the remainder when 187365 is divided by 82?
77
What is the remainder when 3954 is divided by 824?
658
Calculate the remainder when 6267 is divided by 2066.
69
Calculate the remainder when 34185 is divided by 11387.
24
Calculate the remainder when 3570 is divided by 584.
66
Calculate the remainder when 6097 is divided by 10.
7
What is the remainder when 85073 is divided by 12?
5
What is the remainder when 40472 is divided by 8090?
22
Calculate the remainder when 2548 is divided by 18.
10
What is the remainder when 395515 is divided by 178?
177
What is the remainder when 147320 is divided by 52?
4
Calculate the remainder when 42325 is divided by 309.
301
What is the remainder when 46786 is divided by 11?
3
What is the remainder when 404413 is divided by 42?